. Is h composite?
False
Suppose 6*f - 22 + 4 = 0. Suppose 3*v - 3005 = 4*s, 0 = v + f*s - 2*s - 1004. Suppose 4*z - v = -5*a, a = -3*a + z + 794. Is a a composite number?
False
Suppose 9 = 5*s + 49. Let c be (-7 - s)/(1 + -2). Is (-2)/(6/489)*c a composite number?
False
Let o(q) = 2581*q + 5. Is o(2) a prime number?
True
Let h(x) = -19*x + 2554. Is h(0) prime?
False
Suppose -1393 = -3*h - 5*i, 4*h - 3*i - 469 = 3*h. Suppose -3*q + 1231 = 4*z, 2*z = 3*q - 759 - h. Is q prime?
True
Suppose -2*y = 3*j, -3*y - 7 = 2*j - 2. Let h be y/(9/6) + 99. Let o = 318 - h. Is o a composite number?
True
Suppose -3*y = -2*i + 4, -3*y + 0 - 20 = 2*i. Is 21/(-9)*-6*(-94)/i prime?
False
Suppose -7*r + 4*r = -12, 0 = -3*t + 3*r + 1245. Is t a composite number?
False
Let j(r) = -842*r - 127. Is j(-12) a prime number?
False
Suppose -n - 10 = -6*n. Let b = -117 - -402. Suppose 0*r - n*r = 4, l + 5*r = b. Is l composite?
True
Let l(i) be the first derivative of i - 11 - 363/2*i**2. Is l(-2) a composite number?
False
Let o(p) be the first derivative of 27*p**4/4 + 2*p**2 - 3*p + 8. Is o(2) a composite number?
True
Suppose 3*t - 280 = -n + 4780, -5*n = -2*t - 25215. Is n composite?
True
Let x be 15/3*(-3)/(-5). Let z(b) be the first derivative of 19*b**2 + b - 1. Is z(x) composite?
True
Let v = -57290 - -97219. Is v prime?
True
Let m = -5614 - -12347. Is m composite?
False
Is 2 - ((-33129)/5 - 48/40) composite?
True
Suppose 5*k - 2 + 27 = 0, 0 = -5*u + 2*k + 130. Suppose -w + u = -5*w. Is (7 + w)/(2/134) a composite number?
False
Let f be 7*(117/(-105) + 21/(-35)). Is 44/f*42/(-2) prime?
False
Suppose -17549 = 15*s - 17*s - 3*k, 3*k - 43895 = -5*s. Is s a composite number?
True
Suppose 5*p + 183 = 3*f - 59, 6 = 3*p. Suppose f = 4*j - 488. Is j composite?
True
Is 2 + (-8)/3 + 19724/12 a composite number?
True
Let d = 22 + -13. Let n be (18/(-2))/(d/(-30)). Suppose 2*w + 0 = n. Is w a prime number?
False
Let q = 6691 - -10822. Is q composite?
True
Suppose 0*h = 4*h + 68. Let x(f) = f**2 + 11*f - 19. Is x(h) prime?
True
Let x be (-10)/5 + -1 + 1. Let h be 2 - 1 - x - 1. Is (0 + 182/4)*h composite?
True
Let l = 22 - 9. Suppose y - 444 + l = 0. Is y composite?
False
Let r(d) = 4*d**2 - 12*d - 59. Is r(-11) composite?
False
Let i = 278 + -120. Is i a prime number?
False
Let w(z) = -10*z - 2 + z**3 + 2 + 8*z**2 + 2. Let h = 25 + -30. Is w(h) composite?
False
Suppose j - 2*j = i + 11, 2*i - 6 = 0. Let r be 1*256*j/(-4). Let u = 1529 - r. Is u a composite number?
True
Suppose 5*p + m = -1329 - 402, 1388 = -4*p - 4*m. Let w = 608 + p. Let r = w + -165. Is r a prime number?
True
Let p(q) = -3*q - 3. Let d be p(-4). Is 6/4*4854/d composite?
False
Let j(m) = m**3 + m**2 + m. Let v(k) = 5*k**3 + 2*k**2 + 14*k + 7. Let u(q) = -6*j(q) + v(q). Let h be u(-5). Is -1 + 123/(-6)*h prime?
True
Suppose -k - 2*k = -3*l - 21, -k = -2*l - 11. Let x(c) = 15*c**2 - 7 - 2*c**k - 3*c**2 + c**3 - 10*c. Is x(8) a prime number?
False
Suppose 0 = -2*x - 2*x - 12. Let c = -3 - x. Suppose c = 3*a - m - 666, 0*a = 5*a + 2*m - 1099. Is a a composite number?
True
Suppose -z + 2063 = -2*i, 2*i + 10315 = 6*z - z. Is z prime?
True
Let o = -288 + 529. Suppose 3*z = -3*f + 1142 - 383, -4*z + o = f. Is f composite?
False
Suppose w = 4*m + 69, -3*w + 0*w + 197 = -2*m. Let s = 372 - w. Is s a prime number?
True
Suppose 0 = 5*v - 10*v + g + 4418, -3*v = -5*g - 2664. Is v a composite number?
False
Let u = -38 + 45. Suppose -3054 = -u*t + 5*t. Is t prime?
False
Suppose -41*v + 83418 + 59713 = 0. Is v prime?
True
Let y = 72 - -491. Is y a composite number?
False
Let p(i) = 31*i**3 - 17*i**2 + 36*i + 11. Is p(9) composite?
False
Suppose 6*j + 6 = 4*j. Let w be (j/9)/(2/(-6)). Is 633*4/12*w a composite number?
False
Suppose s - 4 = 2. Let b be (-4)/6 + 2584/s. Suppose 5*p - 3*f = f + 1061, 2*p = 3*f + b. Is p prime?
False
Suppose -4*s + 3*q = -18702, -4*q + 9362 = -3*s + 5*s. Suppose 5*w - s = -2*c, -3*c + 3736 = 4*w - 0*c. Is w a composite number?
False
Let z = 697 + -1034. Is z/(-4 + (-44)/(-12)) composite?
True
Let c(z) = z**3 + 3*z**2 + 5*z. Let a be c(-2). Is (-3 - 111/9)*63/a composite?
True
Let g(x) = -x**3 - x**2 + x + 4. Let m be g(0). Suppose -4*u - 2*p + 360 = -0*u, -m*u + 358 = 3*p. Is u a composite number?
True
Let w(k) = -892*k - 57. Is w(-4) a composite number?
False
Let d be -2*(2 - -1 - 6). Suppose d = 4*q + 3*i - i, -3*q + 7 = i. Suppose 0 = -q*o - 67 + 959. Is o composite?
False
Suppose 0 = -8*x + 4*x. Is (7 - -153) + (x - 3) composite?
False
Suppose 669*c - 676*c = -81599. Is c a prime number?
True
Let j = -5238 + 13385. Is j a composite number?
False
Suppose 9*p = 107770 + 52997. Is p prime?
True
Let u(o) = 2014*o**3 + 2*o**2 - 4*o - 4. Let r be u(3). Suppose r = 21*x - x. Is x composite?
False
Let i = -6203 - -16770. Is i a composite number?
False
Let m = -978 + 1765. Is m prime?
True
Suppose 0 = 5*k - 2*k - 2211. Suppose 0 = -2*u + 3*h + 15 + 6, -2*h = -3*u + 19. Suppose -u*n + 749 = 4*g - 374, 2*n = -5*g + k. Is n composite?
True
Let q = -11 + 96. Is q a composite number?
True
Suppose 2*y + 0*y - 494 = 0. Suppose 0 = -5*b + 4*b + y. Let g = 368 - b. Is g composite?
True
Let g(p) = 554*p - 1. Let o be g(1). Suppose -2*a = 143 - o. Is a a composite number?
True
Let w(s) = 13*s**3 - 3*s**2 + 21*s - 2. Is w(15) a prime number?
False
Suppose -4*j = -4*l - 1296, 646 = -2*l - j + 5*j. Let f = l - -504. Is f a prime number?
True
Let w be (2 - (0 + 0)) + 31. Suppose -3*x - 16 = -i + 12, -i = -2*x - w. Let j = i - -208. Is j composite?
False
Let f = -3072 - -31441. Is f a composite number?
True
Let f(s) = -s**2 - 4*s + 21. Let u be f(-7). Let t be -2 - 0 - (18 - -1). Let r = u - t. Is r a prime number?
False
Let u be 27/5 - (-2)/(-5). Suppose -465 = -0*q + u*q. Let x = -40 - q. Is x composite?
False
Let r be (-84)/(-30)*(5 - 0). Let u = 20 - r. Suppose q - u*q + 435 = 0. Is q composite?
True
Let l(w) = -52*w + 1. Let u be (-10)/50 - 68/10. Is l(u) a prime number?
False
Let w(m) = -15*m**3 - 3*m**2 - 5*m + 2. Let n be w(3). Let o = n + 762. Is o composite?
False
Suppose 4*s = -4*s. Suppose -3*i - 5*o - 613 = s, 211 = -i - o + 6*o. Let g = i - -457. Is g prime?
True
Suppose 1471 - 29395 = -12*f. Is f a composite number?
True
Suppose -4*p = -p - 25011. Suppose 5*n - p = -2582. Is n prime?
True
Suppose 23*m = 25*m - 514. Is m composite?
False
Let t(r) = r**2 - 9*r - 3. Let p be t(5). Let o = -79 + p. Let j = o + 407. Is j composite?
True
Suppose 2*c - 5 = -3*c, -2*h - 2*c + 9724 = 0. Is h composite?
False
Let a be (3/(-9))/((-3)/81). Is (-107 - 4)*(-6)/a a composite number?
True
Is 21/7 - -2 - -1618 prime?
False
Let u(k) = 35*k + 14. Suppose 0 = 4*t - 4 - 16. Let l = 2 + t. Is u(l) composite?
True
Let i = -59 + 167. Suppose 2*w = 4*w - 8. Is (i/w - -4)*1 a composite number?
False
Suppose 269*a - 258*a = 5511. Is a a composite number?
True
Let h(q) = -q**3 - 7*q**2 - 5*q + 8. Let u be h(-8). Suppose 4*z - u = 2*z. Suppose -4*k = -3*w - 241, -z - 130 = -3*k + 4*w. Is k a composite number?
True
Let k(h) = 202*h**2 + 5*h + 7. Is k(4) prime?
True
Let n(x) = -9*x - 87. Let k(b) = -8*b - 87. Let j(y) = -7*k(y) + 6*n(y). Is j(0) a prime number?
False
Let x(t) = -7*t**3 - 9*t**2 + 8*t + 55. Is x(-6) prime?
False
Is (-1 + 0 - -2444) + (-72)/12 prime?
True
Is 0 + (31 - 0) + 6 a prime number?
True
Suppose 0 = 5*q + 15, -6*w - 15 = -2*w + q. Let c be 3/w*(-9)/3. Suppose -5*y + 166 = g - 43, -4*g + 790 = -c*y. Is g composite?
False
Let p(k) = -k**2 - 3*k + 7. Suppose -4*v - 28 = 5*d + 1, 4*d = -2*v - 16. Let b be p(v). Let y(m) = m**2 + 3*m - 11. Is y(b) prime?
False
Let l(i) = i - 12. Let o be l(10). Let k be o/(-12) + 2154/36. Suppose -j = 3*j - k. Is j composite?
True
Is 62/527 - (-56334)/34 a prime number?
True
Is (140 + 18075)*(-1)/(-5) composite?
False
Suppose -8*s + 6*s = -u + 983, 0 = 5*u + s - 4893. Is u a composite number?
True
Suppose 6*m = 5*m + 4*x + 8075, 2*x + 40303 = 5*m. Is m prime?
True
Let g = 32 + -9. Suppose -20*o - 5121 = -g*o. Is o composite?
True
Suppose -46*g = -10*g - 132588. Is g prime?
False
Let y = 13717 - 9438. Is y composite?
True
Let n be 7638/8 + 1 - 51/68. Let x = n - 422. Is x composite?
True
Suppose -6*c + 15 = -c. Let g be 0 - (0/c - 2). Suppose 0 = -g*u + 32 + 86. Is u a composite n